 - 18*f**3 + 11*f**3 - 1 + f + 3*f**2 + 8*f**3 + 4. Let n = 87 - 90. Give l(n).
0
Let m(g) = -g**2 - 18*g - 9. Let f be m(-17). Let r be (-222)/(-24) - 2/f. Let v(n) = -r - 2*n - 14 + 19. Calculate v(-6).
8
Let n(t) be the first derivative of -2*t**3/3 + 9*t**2/2 + 2*t + 8986. Calculate n(5).
-3
Let h(m) = 10 - m + 19 + 24 - 136 + 32. Determine h(-45).
-6
Let v(d) = 34 + 7*d**3 - 39 - 6*d**2 - 7*d**2. Let f(l) = -5*l**3 + 13*l**2 + 5. Let m(c) = -4*f(c) - 3*v(c). What is m(-13)?
-5
Let d(f) = 693*f + 1983. Let b(j) = 99*j + 284. Let m(z) = -15*b(z) + 2*d(z). Determine m(-3).
3
Let d be (0 - 0 - -4) + (12 - 8) + -4. Let r(o) = o**2 - 11*o + 10. Determine r(d).
-18
Let q(i) = -2. Let j(l) = -l + 1. Let f(a) = j(a) - q(a). Let m = -23 - -18. Calculate f(m).
8
Let k(a) be the third derivative of -a**5/15 + a**4/8 + 2*a**3/3 - 369*a**2. Give k(-1).
-3
Let t(q) = -154*q - 3024. Let g be t(-20). Let r(w) = -9*w + 499. Give r(g).
-5
Suppose -818*t + 875*t = -456. Let p(m) = m**3 + 5*m**2 - 25*m - 8. What is p(t)?
0
Suppose l - 3*u - 5 = 2, 0 = 5*l - 2*u - 9. Let o(q) = 153 - 303 - 7*q**2 + 151 - 10*q**2. Give o(l).
-16
Let r(p) = 7*p + 9. Let l(u) = 3*u - 2. Let f(s) = -2*l(s) + r(s). Give f(-12).
1
Let x(n) be the third derivative of 1/60*n**5 + 0*n + 5/24*n**4 - 1/3*n**3 + 0 - 166*n**2. Give x(-3).
-8
Let x(h) be the second derivative of -h**4/12 - 4*h**3/3 - 66*h - 2. Let r be 198/(-165)*(40/3)/2. Give x(r).
0
Let k(z) be the third derivative of -z**7/840 + z**5/120 - z**3/6 - z**2. Let s(n) be the first derivative of k(n). Let t = -1479693 - -1479692. Determine s(t).
0
Let z(k) be the second derivative of k**5/20 + 11*k**4/12 - 2*k**3 + 4*k**2 + 842*k - 6. Let i(d) = d**2 - 8*d + 3. Let n be i(5). Give z(n).
8
Let x(p) = -p**2 - 13*p - 16. Suppose 10*n = -4*n + 20*n + 48. Calculate x(n).
24
Let y(n) = -271*n - 279. Let j be y(-1). Let a(i) = 2*i**2 + 11*i - 2. Determine a(j).
38
Let u = -7 - -14. Let q(m) = 4*m**2 + 5*m - 48. Let a(f) = 3*f**2 + 5*f - 38. Let z(p) = -5*a(p) + 4*q(p). Calculate z(u).
12
Let p(a) = a**2 - 4*a - 94. Let u be p(-8). Let t(f) = 5*f**2 - 4. What is t(u)?
16
Let b(f) = -f. Let p be b(-1). Let x(i) = i. Let d(o) = 4*o. Suppose 0 = -5*s - 28 - 42. Let k(a) = s*x(a) + 3*d(a). Give k(p).
-2
Let s be (-1204)/258*(-120)/14. Let n(l) = 7*l - 280. What is n(s)?
0
Suppose 271 = -2*i + 225. Let m(x) = x + 64. What is m(i)?
41
Let r(s) = 4*s**3 + 11*s**2 + 3*s - 6. Let y(w) = w**2 - 5*w + 1. Let f be y(5). Let k(c) = -c**3 - c**2 - c + 1. Let v(n) = f*r(n) + 3*k(n). Determine v(-8).
-3
Let s(m) = m**2 - 12*m - 13. Let k = 3793 + -3780. What is s(k)?
0
Let b = -400 + 389. Let g(u) be the third derivative of 0 - 1/12*u**4 - 8/3*u**3 + 4*u**2 + 0*u. Give g(b).
6
Let s(j) = j**3 + 6*j**2 + 3*j + 6. Let v be s(-4). Let d(o) = 28*o + v*o - 52*o. Suppose -5*u + 89 = 74. Give d(u).
6
Let n be -3 - (1 - 1) - (-13 + 5). Let r be n/(-1)*5/(-25). Let v(u) = 3*u**2 + 2*u - 1. Calculate v(r).
4
Suppose 0 = 3*z - 47 + 41. Let s(m) = -7*m - 9 + 7 + 8*m**z - m**3 - 5 + m. Determine s(7).
0
Let q(d) = -d**3 + 3*d**2 - 2*d - 1. Let h(u) = -u**3 - 2*u**2 + 7*u + 5. Let m(z) = h(z) - 2*q(z). Calculate m(6).
1
Let j(g) be the third derivative of 21*g**2 + 0 + 0*g - 1/24*g**4 + 5/2*g**3. Give j(13).
2
Let p(n) = -12*n**2 - 2*n + 4. Let c(l) = -51*l + 2297. Let q be c(45). Calculate p(q).
-48
Let d(x) = -20*x**2 + 9*x + 2. Let w(s) = 7*s**2 - 3*s - 1. Let r(a) = -6*d(a) - 17*w(a). Suppose 0 = -3*o - 6 + 18. Give r(o).
9
Suppose -5*q - 42 = 28. Let j = -13 - q. Let b(a) = -11*a**3 + a**2 + j + a**2 + 5*a**3 + 5*a**3. Give b(2).
1
Let s be 50/(-7) - (-48)/(-56). Let q(a) = -a**2 - 9*a - 6. Let y be q(s). Let z(h) = 2*h**3 - h**3 - h + 0 + 1 + h**2. What is z(y)?
11
Suppose 3*h = -2*h + 5. Let u(v) = -2 - h + v - 2*v + 0*v. Suppose -8*y + 14*y = 0. Calculate u(y).
-3
Suppose 23 - 21 = -v. Let q be (2 + v)*(-3 - 2/(-1)). Suppose -d - 4 = q, 3*a - 3*d = 6 + 3. Let x(m) = 4*m**3 + 2*m**2 + m. Give x(a).
-3
Let v(l) = l**3 + 17*l**2 + 17*l + 20. Suppose 2*c + 406 = 374. Calculate v(c).
4
Let s(t) = -19 - 35 + 172*t**2 + 3*t + t**3 - 11*t + 5*t - 151*t**2. What is s(-21)?
9
Let t(d) = 2*d**3 - 12*d**2 - 7. Suppose -5*o - 226 = -3*i - 175, 4*i - 58 = 5*o. Give t(i).
91
Let d(l) = -2*l**2 + 7*l - 4. Let b = 0 + 2. Let w(c) be the second derivative of c**5/10 - c**4/3 + c**3/2 - c**2 + 8294*c. Let m be w(b). Calculate d(m).
-8
Suppose 0 = 2*f + 3*v - 10, -2*v = 31*f - 36*f + 6. Let q(j) = -4*j**2 + 12*j - 7. Determine q(f).
1
Let y(x) be the third derivative of -x**6/120 + x**5/20 + 7*x**4/12 + 5*x**3/2 + 4826*x**2. Give y(6).
-9
Suppose 4*r = 3*y - 38, 34 = 4*y - r - 8. Let b(p) be the first derivative of p**2/2 - 15*p - 104. What is b(y)?
-5
Let v(h) = -4*h**3 + 175*h**2 - 131*h - 61. Let i(l) = -l**3 + 41*l**2 - 33*l - 15. Let f(b) = 9*i(b) - 2*v(b). What is f(17)?
-30
Suppose -6*r - 299 = -1631. Let i(l) = 1 - 3*l**2 - 438*l + 2*l**2 + r*l + 219*l + 0*l**2. Let v be (-54)/(-10) + 6/(-15). What is i(v)?
-9
Let q(n) = n**2 - 3*n + 1. Let j be 16/(5/15*-3). Let c be 75/(-20)*j/12. Calculate q(c).
11
Suppose -4*u - 30 = -2*j, u + 9*j = 4*j - 24. Let s(l) be the first derivative of l**4/4 + 10*l**3/3 + 9*l**2/2 + 7*l - 1. What is s(u)?
7
Let h(r) = -47*r + 654. Let n(w) = w**3 + 2*w**2 + 2*w + 99. Let f be n(-5). What is h(f)?
-4
Suppose -2*o - n = -5, -45*n - 15 = -42*n. Let y(r) = -2 + r - 5 + 5*r + 5*r - o*r. Calculate y(5).
23
Let s be 331/9 + 7/(63/2). Suppose -5*f - i - 14 = -s, 3*i = -f + 13. Let y(t) = 3*t - t + t. Give y(f).
12
Let r(g) be the first derivative of -113*g**3/3 - g**2/2 + g - 1078. What is r(1)?
-113
Let c(z) = -z**3 - z - 12. Let s be 2/(((-352)/33)/16*1). Give c(s).
18
Let r(p) = 3*p**2 + 1 - 25986*p + 51981*p - 25990*p - 3. Give r(1).
6
Let a(x) = -19 + 81 - 12 + 4*x - 1 - 26. Calculate a(-7).
-5
Let q = 2153 + -2160. Let a(l) = 2*l**2 + 18*l + 37. Calculate a(q).
9
Let y(u) be the second derivative of -u**4/12 - u**3 + 3*u**2 + 18*u + 377. Let l = 8 - 13. What is y(l)?
11
Let y(p) = 8*p + 4. Let o(v) = -16*v - 29. Let s be o(-2). Let f be (-27)/18*(s - 1). Give y(f).
-20
Let p(a) = -4*a + 37. Let u(l) = 2*l**2 + 8*l - 495. Let k be u(14). Calculate p(k).
1
Suppose 4*q = o - 66, 169*o = -q + 174*o - 45. Let h(r) = -r**3 - 17*r**2 - 25*r + 23. Give h(q).
-52
Suppose 0 = -z + 5*m - 80 + 93, -5*m - 45 = -5*z. Let c(j) = j**3 - 8*j**2 - 2. Give c(z).
-2
Let m(j) = -10*j**2 + 2. Let n(q) = 6*q**2 + 2*q. Let f(s) = -2*m(s) - 3*n(s). What is f(4)?
4
Let l(o) be the third derivative of -1/6*o**3 + 0*o - 1/60*o**5 + 7/24*o**4 - 3*o**2 + 2. Calculate l(4).
11
Let h be 28/63 - 205/(-45). Let x(o) = o**2 - 1. Let n(k) = 2*k + 2*k + 2*k**2 + 3*k + 4 - 7. Let y(w) = -n(w) + 4*x(w). Calculate y(h).
14
Let w(v) = v**2 - 3*v + 2. Let o be w(0). Suppose -2*f = -4, -o*f - 8 - 21 = -3*z. Let x(c) = c - 13. Determine x(z).
-2
Let v = -5267 - -5262. Let m(i) = 6*i + 9. Calculate m(v).
-21
Let w(p) = 1 - 12 + 298*p - 301*p. Let n be w(-5). Suppose n = -g - x - 4, 5*g = -2*x - 31. Let t(j) = j**3 + 4*j**2 - 5*j - 2. Calculate t(g).
-2
Let b = 1415 + -1411. Let t(w) = w + 8. Let h(f) be the third derivative of -7*f**3/6 + 2*f**2. Let y(a) = -6*h(a) - 5*t(a). Determine y(b).
-18
Let z(l) = 23*l**3 + 12*l**2 - 6*l - 12. Let s(k) = 65*k**3 + 34*k**2 - 17*k - 34. Let n(f) = 6*s(f) - 17*z(f). Determine n(-2).
8
Let r = -9901 + 9895. Let b(t) = -6*t - 33. What is b(r)?
3
Let o(w) = 4*w**2 - 14*w + 30. Suppose 3*v - 4*q - 5 = -20, -5*v = 2*q + 25. Let g(l) = -3*l**2 + 14*l - 28. Let x(u) = v*g(u) - 4*o(u). Give x(-15).
5
Suppose 12*p = -8*p + 4*p. Suppose o = -m, 4*o = -3*m - p - 3. Let k(x) = x. Give k(o).
-3
Let z be 1010/7 - ((-27)/(-21) + -1). Let q = z + -57. Let x(r) = r**2 - 7 + q*r**3 - 41*r**3 - r - 47*r**3. Determine x(0).
-7
Let b be (-6)/28*-10 + (-8)/56. Let u(z) = -8*z**2 - z**2 - z**2 - 2*z + 3 - 2. What is u(b)?
-43
Let j(c) = -2*c**3 + 4*c**2 + c + 1. Let x be (-7)/(-2) - (-37)/(-74). Calculate j(x).
-14
Let r(d) = -8*d + 29. Let x = 3252 - 3244. Calculate r(x).
-35
Let o(i) = i**3 + 8*i**2 + 8*i + 2. Let y(v) = v**3 + 7*v**2 + 7*v + 3. Let w = 61 + -66. Let l = -2 - w. Let q(x) = l*y(x) - 2*o(x). Give q(-4).
1
Let f(n) = -9*n**2 + 43*n - 38. Let j(h)